r of 1870335?
True
Is 14 a factor of 117852?
True
Does 73 divide 800156?
False
Is 845 a factor of 15563210?
True
Does 6 divide 121890?
True
Does 15 divide 1245409?
False
Does 23 divide 217442?
True
Is 4533248 a multiple of 32?
True
Is 223216 a multiple of 9?
False
Is 88 a factor of 5694331?
False
Is 151095 a multiple of 471?
False
Is 133 a factor of 38304?
True
Is 278085 a multiple of 539?
False
Does 126 divide 876456?
True
Is 19008 a multiple of 24?
True
Does 54 divide 291816?
True
Is 52 a factor of 1449495?
False
Is 447551 a multiple of 13?
True
Is 50 a factor of 153654?
False
Is 19 a factor of 224447?
True
Is 251 a factor of 38905?
True
Does 334 divide 4143266?
False
Does 334 divide 60551?
False
Is 157663 even?
False
Does 198 divide 397386?
True
Does 112 divide 44352?
True
Does 2 divide 2762?
True
Is 1397942 a multiple of 84?
False
Does 3 divide 24828?
True
Is 4914115 a multiple of 67?
True
Is 549 a factor of 8391083?
False
Is 216671 a multiple of 161?
False
Is 107 a factor of 148949?
False
Is 516 a factor of 2282784?
True
Is 50 a factor of 255800?
True
Is 115320 a multiple of 248?
True
Is 74 a factor of 807340?
True
Is 3633 a multiple of 4?
False
Is 61 a factor of 1341878?
True
Is 1479708 a multiple of 324?
True
Does 170 divide 266390?
True
Is 164470 a multiple of 10?
True
Is 8164471 a multiple of 157?
True
Is 28 a factor of 5709676?
True
Is 2249369 a multiple of 19?
False
Is 31 a factor of 78058?
True
Is 751941 a multiple of 51?
False
Is 96 a factor of 12894466?
False
Does 13 divide 945182?
False
Is 42702 a multiple of 66?
True
Is 327 a factor of 2892315?
True
Is 19 a factor of 5148272?
False
Does 18 divide 956720?
False
Is 613624 a multiple of 418?
True
Is 1483156 a multiple of 31?
False
Is 1327977 a multiple of 794?
False
Is 133603 a multiple of 17?
True
Does 11 divide 843942?
True
Does 29 divide 4684877?
False
Is 314 a factor of 1383157?
False
Is 2290634 a multiple of 7?
False
Is 9158671 a multiple of 19?
False
Does 20 divide 41360?
True
Is 79 a factor of 479056?
True
Is 11 a factor of 185156?
False
Is 410 a factor of 350734?
False
Is 12 a factor of 908759?
False
Does 13 divide 41457?
True
Is 197619 a multiple of 50?
False
Is 149760 a multiple of 120?
True
Is 28 a factor of 10726352?
True
Does 207 divide 116785?
False
Is 11164 a multiple of 65?
False
Does 118 divide 444860?
True
Does 224 divide 5488199?
False
Does 153 divide 32283?
True
Is 2902 a multiple of 16?
False
Does 55 divide 479160?
True
Is 807 a factor of 82203?
False
Does 5 divide 21728?
False
Is 6 a factor of 129921?
False
Is 27040 a multiple of 130?
True
Is 471 a factor of 2655050?
False
Does 17 divide 591923?
True
Does 151 divide 965399?
False
Is 286 a factor of 164450?
True
Does 7 divide 20428?
False
Is 10 a factor of 18895893?
False
Does 23 divide 1701718?
False
Is 3978956 a multiple of 54?
False
Is 688 a factor of 1592720?
True
Does 40 divide 24997?
False
Is 4290375 a multiple of 1275?
True
Does 14 divide 8820420?
True
Is 431 a factor of 468928?
True
Is 9467566 a multiple of 965?
False
Is 264594 a multiple of 38?
True
Is 3296353 a multiple of 4?
False
Is 39798 a multiple of 134?
True
Is 903 a factor of 15170598?
False
Does 13 divide 1967511?
True
Is 41093 a multiple of 377?
True
Does 84 divide 147869?
False
Is 6 a factor of 1013064?
True
Is 56784 a multiple of 112?
True
Is 247456 a multiple of 57?
False
Is 324621 a multiple of 42?
False
Is 7212 a multiple of 76?
False
Is 20 a factor of 1312201?
False
Is 561 a factor of 2091408?
True
Is 65 a factor of 341900?
True
Is 31 a factor of 401046?
False
Does 419 divide 5447?
True
Is 194811 a multiple of 32?
False
Does 10 divide 9660?
True
Is 72512 a multiple of 11?
True
Is 941968 a multiple of 452?
True
Does 3 divide 27615?
True
Does 132 divide 243587?
False
Is 1130 a factor of 17540022?
False
Does 239 divide 4919778?
False
Is 14228 a multiple of 6?
False
Is 31 a factor of 1178744?
True
Does 10 divide 163770?
True
Is 210 a factor of 223230?
True
Is 2248450 a multiple of 466?
True
Does 25 divide 147625?
True
Is 49 a factor of 906685?
False
Is 299 a factor of 2676648?
True
Does 18 divide 14052?
False
Does 5 divide 409065?
True
Is 1202942 a multiple of 26?
True
Is 14 a factor of 7242270?
True
Is 182434 a multiple of 581?
True
Is 377 a factor of 87841?
True
Is 26 a factor of 15508481?
False
Is 10 a factor of 2832500?
True
Does 242 divide 211024?
True
Does 13 divide 459114?
False
Is 575290 a multiple of 125?
False
Is 16 a factor of 36142?
False
Is 432454 a multiple of 11?
True
Is 54 a factor of 121932?
True
Is 329 a factor of 8905120?
False
Is 1036223 a multiple of 78?
False
Is 108231 a multiple of 8?
False
Is 2468966 a multiple of 126?
False
Does 32 divide 669976?
False
Is 13 a factor of 732639?
False
Is 41 a factor of 6951?
False
Does 170 divide 190230?
True
Is 31 a factor of 74661?
False
Is 11 a factor of 474463?
True
Is 27 a factor of 153522?
True
Is 2502692 a multiple of 31?
True
Does 25 divide 1530825?
True
Does 38 divide 1905434?
True
Is 2 a factor of 8795?
False
Is 197680 a multiple of 16?
True
Is 15212781 a multiple of 9?
True
Does 12 divide 4287228?
True
Is 20 a factor of 85660?
True
Is 160561 a multiple of 67?
False
Is 13 a factor of 4013477?
True
Does 484 divide 398288?
False
Does 9 divide 86738?
False
Is 13 a factor of 676702?
True
Is 3 a factor of 1237441?
False
Does 67 divide 3826624?
False
Does 73 divide 4758269?
False
Is 23 a factor of 27935?
False
Does 405 divide 438413?
False
Does 154 divide 45602?
False
Does 3 divide 1752063?
True
Is 250 a factor of 8758750?
True
Is 90320 a multiple of 43?
False
Is 562 a factor of 675011?
False
Is 773875 a multiple of 151?
True
Is 332 a factor of 7445897?
False
Does 265 divide 229755?
True
Is 7487927 a multiple of 31?
False
Is 3 a factor of 86568?
True
Does 70 divide 104386?
False
Is 57 a factor of 12129999?
True
Is 386309 a multiple of 49?
False
Is 458 a factor of 1014470?
True
Is 100 a factor of 79389?
False
Is 8271660 a multiple of 210?
False
Does 233 divide 628888?
False
Is 733 a factor of 8643536?
True
Does 29 divide 27376?
True
Is 133895 a multiple of 86?
False
Is 35 a factor of 328848?
False
Does 21 divide 274197?
True
Does 19 divide 108792?
False
Does 326 divide 360556?
True
Does 12 divide 1546956?
True
Is 788 a factor of 6833536?
True
Is 35 a factor of 66722?
False
Does 2 divide 368267?
False
Is 215056 a multiple of 12?
False
Does 250 divide 174250?
True
Is 309918 a multiple of 7?
True
Is 46 a factor of 391472?
False
Is 4229889 a multiple of 17?
True
Does 1506 divide 15314514?
True
Is 359306 a multiple of 107?
True
Does 53 divide 789140?
False
Is 17 a factor of 89948?
False
Does 636 divide 656352?
True
Does 94 divide 33934?
True
Is 413224 a multiple of 628?
True
Is 12510 a multiple of 14?
False
Is 112 a factor of 2218777?
False
Does 5 divide 68186?
False
Is 275812 a multiple of 4?
True
Is 290 a factor of 3979658?
False
Is 2380363 a multiple of 57?
False
Is 303939 a multiple of 65?
False
Is 17 a factor of 174160?
False
Is 17125730 a multiple of 34?
False
Is 72504 a multiple of 106?
True
Is 966 a factor of 4244475?
False
Is 524386 a multiple of 210?
False
Does 32 divide 302219?
False
Does 254 divide 4104894?
True
Is 52432 a multiple of 12?
False
Does 70 divide 4800532?
False
Does 165 divide 244730?
False
Is 7 a factor of 86036?
False
Does 30 divide 42570?
True
Is 9629387 a multiple of 529?
True
Is 50 a factor of 116289?
False
Is 9 a factor of 82357?
False
Does 282 divide 1977102?
True
Is 134430 a multiple of 5?
True
Is 31815 a multiple of 30?
False
Is 39 a factor of 531341?
False
Does 25 divide 163867?
False
Is 43680 a multiple of 26?
True
Is 34 a factor of 31026?
False
Is 13 a factor of 116644?
False
Does 33 divide 327425?
False
Does 146 divide 119720?
True
Is 202 a factor of 15344849?
False
Is 300390 a multiple of 28?
False
Is 332793 a multiple of 6?
False
Is 530 a factor of 72080?
True
Is 467207 a multiple of 56?
False
Is 4480284 a multiple of 12?
True
Is 468810 a multiple of 30?
True
Does 11 divide 19377248?
True
Does 216 divide 933984?
True
Is 30 a factor of 4316297?
False
Is 56 a factor of 111160?
True
Does 63 divide 1403577?
True
Does 37 divide 117438?
True
Does 566 divide 27168?
True
Is 2453724 a multiple of 63?
True
Is 342420 a multiple of 390?
True
Is 121 a f